ppose -7*h + 4*h + 426 = 0. What are the prime factors of h?
2, 71
Suppose 420 = 6*u - 48. What are the prime factors of u?
2, 3, 13
Suppose -1327 = -4*q + 3*j, 5*j + 1660 = 5*q - 0*j. What are the prime factors of q?
331
Let q(l) be the first derivative of 9/2*l**2 + 3 + 2*l + 1/3*l**3. List the prime factors of q(-9).
2
Let j(w) = w**3 - w**2 - 4*w + 2. Let y be j(3). Let v = 3 - y. Let b(l) = l**3 + 7*l**2 + 6*l - 6. What are the prime factors of b(v)?
2, 7
Let q = -728 - -1070. What are the prime factors of q?
2, 3, 19
Let a(b) = 10*b. What are the prime factors of a(5)?
2, 5
Let d(f) = -2*f + f - f**3 - 4*f + 6*f**2 - 3. Let j = -10 + 14. What are the prime factors of d(j)?
3
Suppose -b + 2*b + r = 56, -2*b - 4*r + 106 = 0. What are the prime factors of b?
59
Let h(a) = -4*a**3 - 7*a**2 - 4*a + 5. Let f be h(-5). List the prime factors of f/8 + (-6)/(-24).
2, 11
Let p be (-22)/(-6) + (-2)/(-6). Let i(q) = q - 2. List the prime factors of i(p).
2
List the prime factors of 68/6 + 5/(-15).
11
Let p = -77 + 56. Suppose -3*i + 5*g = -119, -2*i + 136 = 2*i - g. Let n = i + p. List the prime factors of n.
2, 3
Let t = -9 - -8. Let d be 1/((-2 - t)/(-2)). Suppose 3*b + d*a = -10 + 43, a = 3. List the prime factors of b.
3
Let l(x) = 6*x**2 + 4*x - 8. List the prime factors of l(5).
2, 3
Suppose -4*h = 4*w - 56, 2*w + 2*w = -3*h + 37. What are the prime factors of h?
19
Suppose 70 = g - 5*w, g + 6*w - 61 = 2*w. What are the prime factors of g?
5, 13
Let c(m) = 6*m - 1. Let k be c(1). Suppose -4 - k = -3*s. Suppose -s*d - 9 = -6*d. What are the prime factors of d?
3
Let w(b) = -b**3 - 6*b**2 - 12*b - 21. List the prime factors of w(-7).
2, 7
Let g = -30 - -43. What are the prime factors of g?
13
Let g(w) = -w**3 - 9*w**2 - 8*w. Let u be g(-8). List the prime factors of (-120)/(-4) - (-3 + u).
3, 11
Let n = -17 - -9. What are the prime factors of (6/n)/(7/(-56))?
2, 3
Let n = -40 - -82. List the prime factors of n.
2, 3, 7
Let i(n) = n**2 - 5*n + 6. Let m be i(8). Suppose -m = 3*t + 2*t + 4*w, -5*t - 5*w = 35. List the prime factors of (-14)/(-8) + t/(-8).
2
Let d(c) = 0 - 7*c + 3 - 3*c - 3*c. Let l be d(2). Let f = l - -40. What are the prime factors of f?
17
Let c(q) = q**2 - 5*q - 2. Let u be c(6). Suppose -p - u*p = -25, -p = -a + 18. Suppose -a - 13 = -3*n + 5*y, 5*y - 12 = -n. What are the prime factors of n?
2, 3
Let d = 0 + 3. Suppose 5*f = d*f + 42. List the prime factors of f.
3, 7
Suppose -3*n - d + 110 = n, 0 = 5*n - 2*d - 131. Suppose c = -u + 56, -2*u = -5*c - n - 50. What are the prime factors of u?
3, 17
Suppose -2*z - 1632 = -8*z. What are the prime factors of z?
2, 17
Let q = 6 + -4. List the prime factors of (-3 - q*-4)/1.
5
Suppose 0 = -o + 6 + 57. Suppose 2*x - 5*x = -o. What are the prime factors of x?
3, 7
What are the prime factors of -1*(-1 + (5 - 321))?
317
Let q = -7 - -10. Suppose -6 = -q*c + 2*c. What are the prime factors of c?
2, 3
Let h = -7 + 5. Let f = h - -6. Suppose f = -3*p + 34. List the prime factors of p.
2, 5
Suppose -4*w = -6*w + 236. List the prime factors of w.
2, 59
Let k(m) = -m**2 - 13*m - 6. Let a = -21 - -12. What are the prime factors of k(a)?
2, 3, 5
Suppose -5*o + 9 + 16 = 0. Let m be 2/o + (-76)/(-10). List the prime factors of m/2 + -2 - -3.
5
Suppose -2*r = -5*s - 173, 2*r + 2*r - 2*s - 322 = 0. Suppose 5*a - f - 72 = 0, -4*a + r = f + 16. What are the prime factors of a?
3, 5
Let a(l) = 26*l**2 - l. List the prime factors of a(-1).
3
Suppose 0*s - 5*f + 4 = -s, 2 = 5*s - 3*f. What are the prime factors of s/(-4) + 129/4?
2
Suppose -5*k + 10 = -0*k, -4*m - 26 = 3*k. Suppose q + 5 = -3*b, -1 = -5*q + 4*b - 7. Let v = q - m. What are the prime factors of v?
2, 3
Let i(b) = 4*b**2 + 2*b - 1. Suppose 0 = 5*f - 2*h + 3 + 3, 2*f = -5*h - 14. Let k be ((-2)/(-5))/(f/(-10)). What are the prime factors of i(k)?
19
Let z be 4/6*(-9)/(-2). Let k be 4*(-1 - 0) + z. Let d = 17 - k. List the prime factors of d.
2, 3
Let s(v) = 22*v - 10. List the prime factors of s(3).
2, 7
Suppose 12 = 2*g - 12. Suppose 3*u - g = 0, -6*u = -4*w - 4*u + 44. What are the prime factors of w?
13
Let i be (-20)/(-15) + (-4)/(-6). Let u(t) = 3*t - 2. Let y be u(i). Suppose -y*c - 3*p = -46, 4*p - 48 = -2*c - 2*c. List the prime factors of c.
2, 5
Let f(s) = 12*s + 2. Let j be f(2). Let k = j - 6. What are the prime factors of k?
2, 5
Let o be (69/(-12))/(2/(-8)). Suppose 0 = -2*g + 1 + o. Let c = g + -1. What are the prime factors of c?
11
Let j = 1 + 2. Suppose j*v = m - 19, 0*m - 4*v - 47 = -3*m. Let w = m + -7. List the prime factors of w.
2, 3
Let r be ((-3)/(-2))/((-6)/(-8)). Suppose 18 = 3*t - 2*s + s, -4*s + 12 = r*t. What are the prime factors of (-9)/t*(-136)/12?
17
Let s be (3/2 + -1)*8. Suppose s*j - 6 = j. Suppose -1 - 17 = -j*g. What are the prime factors of g?
3
Suppose -f - 1 = 1, f - 172 = -3*i. Let o = -41 + i. What are the prime factors of o?
17
Suppose -2*o + 3*v = -73, -3*o + 2*v + 105 = -v. What are the prime factors of o?
2
Let m = 1 - 2. Let z be ((-32)/20)/(m/55). Suppose 0 = -2*o - 3*y + 11, 16 = -4*o + 4*y + z. What are the prime factors of o?
13
Suppose 6*t + 8 = 2*l + 5*t, 2*l - 3*t - 4 = 0. Suppose 4*a - 2*h - 243 = -73, 2*h = -l*a + 226. What are the prime factors of a?
2, 11
Let x be -1 + -1 - (17 + -4). List the prime factors of 110/x*(-3)/2.
11
Let n(i) = 2*i - 9. Let r be n(6). Suppose 0 = f - r - 21. List the prime factors of f.
2, 3
Let j(x) = 3*x**3 - x**2 + 2*x. Let w be j(2). Suppose 0 = 7*i - 5*i - w. Suppose -4*h = -4*k - i, -k - h + 3 = -4. What are the prime factors of k?
2
Let a(j) = j**2 + 11*j - 4. List the prime factors of a(-19).
2, 37
Suppose -2*y - 20 = -50. What are the prime factors of y?
3, 5
Let h = 52 + -34. List the prime factors of h.
2, 3
Let f = 0 - 14. Let k = f - -26. What are the prime factors of k?
2, 3
Let i be -1 + 103 + (-4 - -2). Suppose -i + 40 = -4*y. List the prime factors of y.
3, 5
Let q(j) = -8*j - 8. Let c be q(-6). Suppose -w + 6*w - c = 0. What are the prime factors of w?
2
Let c(n) be the second derivative of 3*n**3/2 - 3*n**2/2 - n. Let d be c(3). What are the prime factors of ((-6)/12)/((-2)/d)?
2, 3
Let m(z) = -5*z - 1. Let y(h) = 4*h. Let n(u) = -5*m(u) - 6*y(u). Let g be n(-9). List the prime factors of (-2)/(g/(-38))*-1.
19
Suppose 3*t - k - 441 = 0, -3*k + 721 = 5*t - 0*k. What are the prime factors of t?
2, 73
List the prime factors of (-2)/(-12) - (-2125)/30.
71
Let d(a) = -a**2 + 11*a - 5. Suppose -17*i = -22*i + 45. List the prime factors of d(i).
13
Let t(a) = 0*a - 2 + 11 + 4 + a. List the prime factors of t(0).
13
Let c(w) = -2 + 3 - 3*w + 0 + 2*w + w**2. What are the prime factors of c(6)?
31
Let x(k) = 4*k**2 - 4*k + 29. Let b(a) = 7*a**2 - 7*a + 57. Let w(o) = -3*b(o) + 5*x(o). Let r be w(0). Let j = -14 - r. List the prime factors of j.
2, 3
Let l = -13 + 13. Suppose -5*i + 4*o + 128 = l, -2*o = 4*i + 2*o - 124. What are the prime factors of i?
2, 7
What are the prime factors of 1254/36 - (-1)/6?
5, 7
Let y be (-8)/12*54/(-4). Suppose y*h - 15 = 4*h. List the prime factors of h.
3
Suppose -3*o + 2*o = -3*n + 4, 4*n = 2*o + 4. Suppose -3*u + o = -7. Let a(l) = 2*l**2 - 2*l. List the prime factors of a(u).
2, 3
Let v = 119 - 82. List the prime factors of v.
37
Suppose -194 + 78 = -2*o + 4*i, i = -o + 43. List the prime factors of o.
2, 3
Suppose 14 = 3*v + f - 0*f, -4*f - 4 = -3*v. Let x be ((-36)/(-8))/((-2)/v). Let j = -6 - x. List the prime factors of j.
3
Let n = 7 - 4. Suppose -5*o = -l - 11, o + l + 5 = n*l. Suppose -9 = o*w, -5*m + 35 = 4*w + w. List the prime factors of m.
2, 5
Suppose -2*k - 16 = -3*k. Suppose -k = -2*h - 5*u + 57, -49 = -h - 5*u. What are the prime factors of h?
2, 3
List the prime factors of (16/(-20))/((-2)/125).
2, 5
Suppose -2*n - 7 = -15. Suppose 4*c = n*r, 0*c - 4*c + 24 = 2*r. Suppose -5*b + 1 = c*g, -g + 2 - 10 = 4*b. List the prime factors of g.
2
Suppose -5 = -2*r - 3. Let n = 16 - r. Let y = -11 + n. List the prime factors of y.
2
Let o = 8 - 3. Suppose -4*w + r = -145, -o*r - 16 = 4*w - 179. Suppose 4*k - 3*x - 7 = 57, 5*x + w = 3*k. List the prime factors of k.
19
Let n(y) = -2*y**2 - 7*y - 4. Let a(q) = -q**2 - 4*q - 2. Let f(g) = 5*a(g) - 2*n(g). Let r be f(-5). What are the prime factors of (